{"id":21,"date":"2016-11-29T15:20:19","date_gmt":"2016-11-29T14:20:19","guid":{"rendered":"http:\/\/sikoraproject.eu\/start\/?page_id=21"},"modified":"2018-05-19T23:05:15","modified_gmt":"2018-05-19T21:05:15","slug":"072016-baltikum-tretroller","status":"publish","type":"page","link":"https:\/\/sikoraproject.eu\/start\/?page_id=21","title":{"rendered":"07\/2016 &#8211; Baltikum (Tretroller)"},"content":{"rendered":"<p>Einmal durch alle 3 Baltikum-L\u00e4nder, aber nach dem Motto \u201ebe crazy\u2026\u201c, also halt mit dem Tretroller, Zelt und Schlafsack!<br \/>\nStart in Tallinn mit einem leichten Bogen Richtung Osten, durch viele D\u00f6rfer, einige bestehend aus 2 H\u00e4usern, W\u00e4ldern, an wundersch\u00f6nen Seen entlang, aber auch durch St\u00e4dte wie Tartu und Daugavpils bis nach Vilnius.<br \/>\nDie Route ging \u00f6stlich entlang, aber ohne bestimmte Ziele. Ich fuhr nur mit Karten, ohne Navi und musste mich deshalb immer wieder durch fragen. Es waren am Ende \u00fcber 900 km, gerechnet habe ich aber nur mit max. 700 km.<\/p>\n<p><strong>Reise-Tagebuch:<\/strong><br \/>\n<strong><em>&#8212;&gt; <a href=\"http:\/\/sikoraproject.eu\/lukasz\/baltikum\" target=\"_blank\" rel=\"noopener\">http:\/\/sikoraproject.eu\/lukasz\/baltikum<\/a> &lt;&#8212;<\/em><\/strong><\/p>\n<p><strong>Fotos:<\/strong><\/p>\n<p><a title=\"baltic states 2016\" href=\"https:\/\/www.flickr.com\/photos\/lukas-adrian\/albums\/72157670964615172\" target=\"_blank\" rel=\"noopener\" data-flickr-embed=\"true\" data-header=\"true\" data-footer=\"true\"><img loading=\"lazy\" decoding=\"async\" src=\"https:\/\/c2.staticflickr.com\/8\/7504\/28673892425_6002c539c0_z.jpg\" alt=\"baltic states 2016\" width=\"640\" height=\"480\" \/><\/a><script async src=\"\/\/embedr.flickr.com\/assets\/client-code.js\" charset=\"utf-8\"><\/script><\/p>\n<p><strong>Foto-Video:<\/strong><\/p>\n<p><center><iframe loading=\"lazy\" src=\"https:\/\/www.youtube.com\/embed\/a_G33uNrKv8\" width=\"560\" height=\"315\" frameborder=\"0\" allowfullscreen=\"allowfullscreen\"><\/iframe><\/center><\/p>","protected":false},"excerpt":{"rendered":"<p>Einmal durch alle 3 Baltikum-L\u00e4nder, aber nach dem Motto \u201ebe crazy\u2026\u201c, also halt mit dem Tretroller, Zelt und Schlafsack! Start in Tallinn mit einem leichten Bogen Richtung Osten, durch viele D\u00f6rfer, einige bestehend aus 2 H\u00e4usern, W\u00e4ldern, an wundersch\u00f6nen Seen entlang, aber auch durch St\u00e4dte wie Tartu und Daugavpils bis nach Vilnius. Die Route ging [&hellip;]<\/p>\n","protected":false},"author":1,"featured_media":0,"parent":0,"menu_order":4,"comment_status":"closed","ping_status":"closed","template":"","meta":{"footnotes":""},"class_list":["post-21","page","type-page","status-publish","hentry"],"_links":{"self":[{"href":"https:\/\/sikoraproject.eu\/start\/index.php?rest_route=\/wp\/v2\/pages\/21","targetHints":{"allow":["GET"]}}],"collection":[{"href":"https:\/\/sikoraproject.eu\/start\/index.php?rest_route=\/wp\/v2\/pages"}],"about":[{"href":"https:\/\/sikoraproject.eu\/start\/index.php?rest_route=\/wp\/v2\/types\/page"}],"author":[{"embeddable":true,"href":"https:\/\/sikoraproject.eu\/start\/index.php?rest_route=\/wp\/v2\/users\/1"}],"replies":[{"embeddable":true,"href":"https:\/\/sikoraproject.eu\/start\/index.php?rest_route=%2Fwp%2Fv2%2Fcomments&post=21"}],"version-history":[{"count":22,"href":"https:\/\/sikoraproject.eu\/start\/index.php?rest_route=\/wp\/v2\/pages\/21\/revisions"}],"predecessor-version":[{"id":140,"href":"https:\/\/sikoraproject.eu\/start\/index.php?rest_route=\/wp\/v2\/pages\/21\/revisions\/140"}],"wp:attachment":[{"href":"https:\/\/sikoraproject.eu\/start\/index.php?rest_route=%2Fwp%2Fv2%2Fmedia&parent=21"}],"curies":[{"name":"wp","href":"https:\/\/api.w.org\/{rel}","templated":true}]}}