{"id":23,"date":"2014-08-27T21:52:37","date_gmt":"2014-08-27T19:52:37","guid":{"rendered":"http:\/\/sikoraproject.eu\/lukasz\/hungary\/?page_id=23"},"modified":"2014-09-01T14:25:40","modified_gmt":"2014-09-01T12:25:40","slug":"tag-5-mezotur-kisujszallas","status":"publish","type":"page","link":"https:\/\/sikoraproject.eu\/lukasz\/hungary\/?page_id=23","title":{"rendered":"Tag 5 \u2013 Mez\u0151t\u00far -> Kis\u00fajsz\u00e1ll\u00e1s"},"content":{"rendered":"<p><span style=\"color: #333399;\">Der Weg f\u00fcr \u00fcber eine recht einsame Lanstra\u00dfe, kaum Verkehr.<\/span><\/p>\n<p>[map style=&#8220;width: auto; height:400px; margin:20px 0px 20px 0px; border: 1px solid black;&#8220; maptype=&#8220;ROADMAP&#8220; traffic=&#8220;yes&#8220; gpx=&#8220;http:\/\/sikoraproject.eu\/lukasz\/hungary\/wp-content\/uploads\/05.gpx&#8220;]<br \/>\n<span style=\"color: #000000;\"><br \/>\nIch versuchte nach Karcag zu kommen. Aber meine Kr\u00e4fte lie\u00dfen nach. Ich habe in den letzten Tagen ordentlich Kilometer gemacht, jetzt brauche ich bisschen Ruhe. Die Sonne schien, das war Klasse.<br \/>\nAuf dem Weg sah ich die Leere<br \/>\nhttps:\/\/www.flickr.com\/photos\/126809085@N05\/14903067261\/in\/set-72157646367002026<\/span><\/p>\n<p>Aber auch was geschichtliches<br \/>\n<a href=\"https:\/\/www.flickr.com\/photos\/126809085@N05\/14903065631\/in\/set-72157646367002026\"><img loading=\"lazy\" decoding=\"async\" src=\"https:\/\/live.staticflickr.com\/5572\/14903065631_4893897fce_n.jpg\" alt=\"P1010826\" width=\"320\" height=\"240\" \/><\/a><\/p>\n<p><a href=\"https:\/\/www.flickr.com\/photos\/126809085@N05\/14719514058\/in\/set-72157646367002026\"><img loading=\"lazy\" decoding=\"async\" src=\"https:\/\/live.staticflickr.com\/3886\/14719514058_eb0c96e939_n.jpg\" alt=\"P1010827\" width=\"320\" height=\"240\" \/><\/a><\/p>\n<p>Irgendwie merkte ich, dass ich einfach kaputt bin. Auf der Stra\u00dfe war es recht leise, selten kam ein Auto. Mir war irgendwie langweilig. Ich h\u00f6rte zu wie meine Schuhe den Boden ber\u00fchrten TUCK und dann das Rollen der R\u00e4der \u00fcber den Asphalt WUSCH, TUCK &#8230; WUSCH &#8230; TUCK &#8230; WUSCH &#8230;<\/p>\n<p>Ich kam bis Kis\u00fajsz\u00e1ll\u00e1s und sagte mir, das reicht f\u00fcr heute. Suchte mir an einem Thermalbad einen Zeltplatz.<br \/>\nDer Camping-Platz ist recht gro\u00df, man kann sowohl H\u00e4uschen mieten, zelten, aber auch mit seinem Wohnwagen hier parken. Gleich am Camping-Platz ist ein riesiges Thermalbad mit Volleyball- und Tennispl\u00e4tzen. Auf der gro\u00dfen Wiese stand ein Zelt, das war meins.<br \/>\n<a href=\"https:\/\/www.flickr.com\/photos\/126809085@N05\/14719568967\/in\/set-72157646367002026\"><img loading=\"lazy\" decoding=\"async\" src=\"https:\/\/live.staticflickr.com\/5576\/14719568967_187f149322_n.jpg\" alt=\"P1010828\" width=\"320\" height=\"240\" \/><\/a><\/p>\n<p>Es waren ca. 3 Familien vor Ort, viele Leute die alles putzen und ich. Die Toiletten und Duschen rochen sehr gut, sehr sauber alles, war sehr zufrieden.<\/p>\n<p>Ging anschlie\u00dfend duschen\/W\u00e4sche waschen. Dann machte ich gegen 12 Uhr auf der Wiese eine Auszeit<br \/>\n<a href=\"https:\/\/www.flickr.com\/photos\/126809085@N05\/14719458879\/in\/set-72157646367002026\"><img loading=\"lazy\" decoding=\"async\" src=\"https:\/\/live.staticflickr.com\/3922\/14719458879_a8af151b0b_n.jpg\" alt=\"P1010841\" width=\"320\" height=\"240\" \/><\/a><\/p>\n<p>Sch\u00f6n dass meine Sachen und mein Zelt nach so vielen Tagen endlich trocknen konnten. Mein Handtuch stank allm\u00e4hlich, ich ekelte mich selber das zu benutzen, ich benutze nur das neue. Socken und Schuhe rochen durch die andauernde Feuchtigkeit inzwischen auch. Jetzt konnte alles in der gl\u00fchenden Sonne trocken. Es war sch\u00f6n hei\u00df.<\/p>\n<p>Damit der Roller nicht abhaut, bindete ich den fest und schaute mir alles noch mal an dem Roller an<br \/>\n<a href=\"https:\/\/www.flickr.com\/photos\/126809085@N05\/14903037951\/in\/set-72157646367002026\"><img loading=\"lazy\" decoding=\"async\" src=\"https:\/\/live.staticflickr.com\/3869\/14903037951_e7ba43c038_n.jpg\" alt=\"P1010839\" width=\"320\" height=\"240\" \/><\/a><\/p>\n<p>Gep\u00e4cktr\u00e4ger hat einen Riss, ich musste den biegen damit der auf den Roller drauf passt. Muss ich sp\u00e4ter zu schwei\u00dfen.<br \/>\n<a href=\"https:\/\/www.flickr.com\/photos\/126809085@N05\/14719541587\/in\/set-72157646367002026\"><img loading=\"lazy\" decoding=\"async\" src=\"https:\/\/live.staticflickr.com\/3891\/14719541587_904b1809a2_n.jpg\" alt=\"P1010840\" width=\"320\" height=\"240\" \/><\/a><\/p>\n<p>Mein hinteres Schutzblech, muss ich wieder kleben<br \/>\n<a href=\"https:\/\/www.flickr.com\/photos\/126809085@N05\/14903042181\/in\/set-72157646367002026\"><img loading=\"lazy\" decoding=\"async\" src=\"https:\/\/live.staticflickr.com\/5589\/14903042181_efc3e37125_n.jpg\" alt=\"P1010837\" width=\"320\" height=\"240\" \/><\/a><\/p>\n<p>Leider kann ich nicht lange einfach so liegen bleiben, ich langweilte mich total. Ich kann das einfach nicht und fing an alle m\u00f6glichen Leute anzurufen, sms zu schreiben oder unsinnige Fotos zu machen<\/p>\n<p><a href=\"https:\/\/www.flickr.com\/photos\/126809085@N05\/14903031351\/in\/set-72157646367002026\"><img loading=\"lazy\" decoding=\"async\" src=\"https:\/\/live.staticflickr.com\/5594\/14903031351_36e9ee9dab_n.jpg\" alt=\"P1010844\" width=\"320\" height=\"240\" \/><\/a><\/p>\n<p><a href=\"https:\/\/www.flickr.com\/photos\/126809085@N05\/14903029541\/in\/set-72157646367002026\"><img loading=\"lazy\" decoding=\"async\" src=\"https:\/\/live.staticflickr.com\/5593\/14903029541_8781d285d7_n.jpg\" alt=\"P1010847\" width=\"320\" height=\"240\" \/><\/a><\/p>\n<p><a href=\"https:\/\/www.flickr.com\/photos\/126809085@N05\/14883101666\/in\/set-72157646367002026\"><img loading=\"lazy\" decoding=\"async\" src=\"https:\/\/live.staticflickr.com\/5573\/14883101666_5f375468e2_n.jpg\" alt=\"P1010848\" width=\"320\" height=\"240\" \/><\/a><\/p>\n<p>da sollte ich wohl hin:<br \/>\n<a href=\"https:\/\/www.flickr.com\/photos\/126809085@N05\/14719470168\/in\/set-72157646367002026\"><img loading=\"lazy\" decoding=\"async\" src=\"https:\/\/live.staticflickr.com\/3841\/14719470168_f32a50cc73_n.jpg\" alt=\"P1010852\" width=\"320\" height=\"240\" \/><\/a><\/p>\n<p>Apfelsaft Namens Suzy:<br \/>\n<a href=\"https:\/\/www.flickr.com\/photos\/126809085@N05\/14906077765\/in\/set-72157646367002026\"><img loading=\"lazy\" decoding=\"async\" src=\"https:\/\/live.staticflickr.com\/3864\/14906077765_3120aa3a16_n.jpg\" alt=\"P1010854\" width=\"320\" height=\"240\" \/><\/a><\/p>\n<p>der Platz:<br \/>\n<a href=\"https:\/\/www.flickr.com\/photos\/126809085@N05\/14883097476\/in\/set-72157646367002026\"><img loading=\"lazy\" decoding=\"async\" src=\"https:\/\/live.staticflickr.com\/5574\/14883097476_fe0976f51c_n.jpg\" alt=\"P1010851\" width=\"320\" height=\"240\" \/><\/a><\/p>\n<p>Ich holte mir noch f\u00fcr Kinder diese kleinen S\u00e4fte mit Strohhalm. Meine G\u00fcte, die sind so was von s\u00fc\u00df! Aber Zucker brauche ich ja.<br \/>\nDann ging ich die Stadt. Ich wollte ins Internet um mir weitere Routen anzuschauen. Aber ich fand, wie sonst \u00fcberall in Ungarn wo ich war, nur diese WIFIs, was sollte ich damit??? Smartphone h\u00e4lt keine 2 Tage aus und einen Laptop konnte ich nicht mit mir rum schleppen.<br \/>\nIch wurde auf der Suche durch die Stadt hin und her geschickt, bis ich sie allm\u00e4hlich kannte. Ganz nett hier. Das Zentrum\/Rathaus wird derzeit renoviert. Ich fand dann den Weg ins Touristen-Info, wo ich auch eine Fahrradkarte f\u00fcr Ungarn erhalten habe und die nette junge Dame mir Internetzugang von ihren PC gew\u00e4hrt hat. Wir unterhielten uns, ich schaute mir die Route f\u00fcr den n\u00e4chsten Tag an. Schrieb mir paar Notzien auf die Karte, bedankte mich und ging.<\/p>\n<p>So eine Hotel- oder Camping-Anlage oder was das auch ist (wo mein Zelt stand) ist absolut nichts f\u00fcr mich. F\u00fchlte mich dort total unwohl, ich wei\u00df nicht warum. Die Toiletten erhalten aber von mir die Note 1, wow, bin gerne dort hin gegangen \ud83d\ude00<br \/>\nF\u00fcr den Camping bezahlte ich 2500 Forint (ca. 8 EUR) f\u00fcr die Nacht. Eine weitere Nacht w\u00e4re preiswerter, da keine Bearbeitungsgeb\u00fchren hinzu kommen w\u00fcrden. Aber auf die Preise wollte ich ja eh nicht achten.<br \/>\nEs gibt noch eine \u00fcberdachte Terrasse mit Kochplatten, wo man sich drau\u00dfen sein Essen aufw\u00e4rmen und\u00a0 es auch gleich drau\u00dfen essen kann.<\/p>\n<p>Gegen 19 Uhr ging ich essen. Wo geht man am besten in Ungarn essen? Genau, zum Chinesen \ud83d\ude00 Ok, ich fand auch die Schnelle nichts anderes.<br \/>\nIch bestellte mir eine vegetarische Suppe und einen Salat.<br \/>\nDa ich eine vegetarische Suppe wollte, musste ich die Fruchtfliege aus der Suppe fischen.<br \/>\nWar ganz ok das Essen, hat mich aber nicht umgehauen.<br \/>\nIch bestellte auch apple juice (Apfelsaft), bekam ein strawberry juice (Erbeersaft). Egal, probieren kann man es ja. War aber voller Zucker. Ich bezahlte ca. 850 Forint (ca. 3 EUR) f\u00fcr das Essen.<\/p>\n<p>Abends musste ich, wie jeden Tag, fr\u00fcher ins Zelt, da es M\u00fccken gibt.<br \/>\nAls es schon dunkel war, bewegte sich etwas unter meiner Matratze. Ich klopfte mehr mals immer wieder da gegen, doch es bewegte sich weiter was. Da ich dann zu faul war mit den Armen immer wieder auf den Boden zu hauen (lag so bequem) benutze ich den Kopf. Leider lag ich zu sehr am Rand und knallte mit dem Kopf gegen den Boden. Einige Minuten sp\u00e4ter gigen auch die Kopfschmerzen allm\u00e4hlich weg \ud83d\ude00<br \/>\nAber es bewegte sich immer noch was. Wahrscheinlich eine Feldmaus oder ein Maulwurf. Ich legte mich dann anders herum hin und wollte schlafen.<br \/>\nDann h\u00f6rte ich ein Krabbeln auf dem Zelt und sah pl\u00f6tzlich das:<\/p>\n<p><a href=\"https:\/\/www.flickr.com\/photos\/126809085@N05\/14719464818\/in\/set-72157646367002026\"><img loading=\"lazy\" decoding=\"async\" src=\"https:\/\/live.staticflickr.com\/3879\/14719464818_27a4b24cd1_n.jpg\" alt=\"P1010855\" width=\"320\" height=\"240\" \/><\/a><\/p>\n<p>Das Insekt war ohne Beine ca. 7 cm lang, hatte lange F\u00fchler und war recht schnell. Ich habe keine Ahnung was das sein k\u00f6nnte. Ich habe es aber verjagt. Bin auch kein Bear Grylls, sonst es h\u00e4tte ich das gejagt und naja, lassen wir das lieber. So hungrig war ich auch nicht.<\/p>\n<p>Ich konnte aber eh nicht direkt einschlafen, ich \u00f6lte total, es war einfach stikig und hei\u00df im Zelt. L\u00fcften konnte ich wegen den M\u00fccken nicht. Ich sch\u00e4tze, dass ich gegen 23 Uhr eingeschlafen bin. Lag also ca. 2 &#8211; 3 Std und quelte mich in der Sauna.<br \/>\nIn der Nacht wachte ich kurz auf, es wurde windiger. Ein Gewitter kam auf. Ich machte das Vorzelt zu und schlief direkt ein. Es hat ein wenig geregnet, war aber nichts schlimmes.<\/p>\n","protected":false},"excerpt":{"rendered":"<p>Der Weg f\u00fcr \u00fcber eine recht einsame Lanstra\u00dfe, kaum Verkehr. [map style=&#8220;width: auto; height:400px; margin:20px 0px 20px 0px; border: 1px solid black;&#8220; maptype=&#8220;ROADMAP&#8220; traffic=&#8220;yes&#8220; gpx=&#8220;http:\/\/sikoraproject.eu\/lukasz\/hungary\/wp-content\/uploads\/05.gpx&#8220;] Ich versuchte nach Karcag zu kommen. Aber meine Kr\u00e4fte lie\u00dfen nach. Ich habe in den letzten Tagen ordentlich Kilometer gemacht, jetzt brauche ich bisschen Ruhe. Die Sonne schien, das war &hellip; <a href=\"https:\/\/sikoraproject.eu\/lukasz\/hungary\/?page_id=23\" class=\"more-link\"><span class=\"screen-reader-text\">Tag 5 \u2013 Mez\u0151t\u00far -> Kis\u00fajsz\u00e1ll\u00e1s<\/span> weiterlesen <span class=\"meta-nav\">&rarr;<\/span><\/a><\/p>\n","protected":false},"author":1,"featured_media":0,"parent":0,"menu_order":0,"comment_status":"closed","ping_status":"open","template":"","meta":{"footnotes":""},"class_list":["post-23","page","type-page","status-publish","hentry"],"_links":{"self":[{"href":"https:\/\/sikoraproject.eu\/lukasz\/hungary\/index.php?rest_route=\/wp\/v2\/pages\/23"}],"collection":[{"href":"https:\/\/sikoraproject.eu\/lukasz\/hungary\/index.php?rest_route=\/wp\/v2\/pages"}],"about":[{"href":"https:\/\/sikoraproject.eu\/lukasz\/hungary\/index.php?rest_route=\/wp\/v2\/types\/page"}],"author":[{"embeddable":true,"href":"https:\/\/sikoraproject.eu\/lukasz\/hungary\/index.php?rest_route=\/wp\/v2\/users\/1"}],"replies":[{"embeddable":true,"href":"https:\/\/sikoraproject.eu\/lukasz\/hungary\/index.php?rest_route=%2Fwp%2Fv2%2Fcomments&post=23"}],"version-history":[{"count":4,"href":"https:\/\/sikoraproject.eu\/lukasz\/hungary\/index.php?rest_route=\/wp\/v2\/pages\/23\/revisions"}],"predecessor-version":[{"id":93,"href":"https:\/\/sikoraproject.eu\/lukasz\/hungary\/index.php?rest_route=\/wp\/v2\/pages\/23\/revisions\/93"}],"wp:attachment":[{"href":"https:\/\/sikoraproject.eu\/lukasz\/hungary\/index.php?rest_route=%2Fwp%2Fv2%2Fmedia&parent=23"}],"curies":[{"name":"wp","href":"https:\/\/api.w.org\/{rel}","templated":true}]}}