{"id":16,"date":"2015-12-13T12:52:40","date_gmt":"2015-12-13T11:52:40","guid":{"rendered":"http:\/\/sikoraproject.eu\/lukasz\/germany\/?page_id=16"},"modified":"2015-12-23T08:24:08","modified_gmt":"2015-12-23T07:24:08","slug":"tag-5-fast-bei-berlin","status":"publish","type":"page","link":"https:\/\/sikoraproject.eu\/lukasz\/germany\/index.php\/erlebnisse\/tag-5-fast-bei-berlin\/","title":{"rendered":"Tag 5, fast bei Berlin"},"content":{"rendered":"<p><strong>Meine eigentliche Route sollte sein, von Genthin bis Berlin, leider bin ich erst bei Magedeburg, ich versuche trotzdem heute nach Berlin zu kommen.<\/strong><\/p>\n<p>Sonnenaufgang, packen, Fahrrad pr\u00fcfen und weiter geht es! Raus aus dem Campingplatz zu einer Tankstelle, fr\u00fchst\u00fccken, endlich Geld abheben und Richtung Glindenberg, dann Heinrichsberg. Dort angekommen, fragte ich noch mal nach (ja, ich fand jemanden, \u00fcberraschender Weise). Muss sagen, dass ich zum Gl\u00fcck gefragt habe. Der Mann sagte mir, dass ich hier nicht \u00fcber die Elbe komme, wenn ich Richtung Niegripp will, muss ich nach Rog\u00e4tz, dann mit der F\u00e4hre r\u00fcber. Das sind ca. 30 km Umweg. Bei \u00fcber 30 Grad, mit einem Bein und \u00fcberladen sind 30 km sehr viel. Aber Augen zu und durch, \u00e4ndern kann ich es ja nicht mehr.<\/p>\n<figure id=\"attachment_113\" aria-describedby=\"caption-attachment-113\" style=\"width: 300px\" class=\"wp-caption aligncenter\"><a href=\"http:\/\/sikoraproject.eu\/lukasz\/germany\/wp-content\/uploads\/2015\/12\/p1010410.jpg\" target=\"_blank\"><img loading=\"lazy\" decoding=\"async\" class=\"wp-image-113 size-medium\" src=\"http:\/\/sikoraproject.eu\/lukasz\/germany\/wp-content\/uploads\/2015\/12\/p1010410-300x225.jpg\" alt=\"mir war danach \" width=\"300\" height=\"225\" srcset=\"https:\/\/sikoraproject.eu\/lukasz\/germany\/wp-content\/uploads\/2015\/12\/p1010410-300x225.jpg 300w, https:\/\/sikoraproject.eu\/lukasz\/germany\/wp-content\/uploads\/2015\/12\/p1010410-768x576.jpg 768w, https:\/\/sikoraproject.eu\/lukasz\/germany\/wp-content\/uploads\/2015\/12\/p1010410-1024x768.jpg 1024w, https:\/\/sikoraproject.eu\/lukasz\/germany\/wp-content\/uploads\/2015\/12\/p1010410-1200x900.jpg 1200w\" sizes=\"(max-width: 300px) 85vw, 300px\" \/><\/a><figcaption id=\"caption-attachment-113\" class=\"wp-caption-text\">mir war danach<\/figcaption><\/figure>\n<figure id=\"attachment_112\" aria-describedby=\"caption-attachment-112\" style=\"width: 300px\" class=\"wp-caption aligncenter\"><a href=\"http:\/\/sikoraproject.eu\/lukasz\/germany\/wp-content\/uploads\/2015\/12\/p1010409.jpg\" target=\"_blank\"><img loading=\"lazy\" decoding=\"async\" class=\"wp-image-112 size-medium\" src=\"http:\/\/sikoraproject.eu\/lukasz\/germany\/wp-content\/uploads\/2015\/12\/p1010409-300x225.jpg\" alt=\"Kiesabbau bei Loitsche\" width=\"300\" height=\"225\" srcset=\"https:\/\/sikoraproject.eu\/lukasz\/germany\/wp-content\/uploads\/2015\/12\/p1010409-300x225.jpg 300w, https:\/\/sikoraproject.eu\/lukasz\/germany\/wp-content\/uploads\/2015\/12\/p1010409-768x576.jpg 768w, https:\/\/sikoraproject.eu\/lukasz\/germany\/wp-content\/uploads\/2015\/12\/p1010409-1024x768.jpg 1024w, https:\/\/sikoraproject.eu\/lukasz\/germany\/wp-content\/uploads\/2015\/12\/p1010409-1200x900.jpg 1200w\" sizes=\"(max-width: 300px) 85vw, 300px\" \/><\/a><figcaption id=\"caption-attachment-112\" class=\"wp-caption-text\">Kiesabbau bei Loitsche<\/figcaption><\/figure>\n<figure id=\"attachment_111\" aria-describedby=\"caption-attachment-111\" style=\"width: 300px\" class=\"wp-caption aligncenter\"><a href=\"http:\/\/sikoraproject.eu\/lukasz\/germany\/wp-content\/uploads\/2015\/12\/p1010407.jpg\" target=\"_blank\"><img loading=\"lazy\" decoding=\"async\" class=\"wp-image-111 size-medium\" src=\"http:\/\/sikoraproject.eu\/lukasz\/germany\/wp-content\/uploads\/2015\/12\/p1010407-300x225.jpg\" alt=\"Kiesabbau bei Loitsche\" width=\"300\" height=\"225\" srcset=\"https:\/\/sikoraproject.eu\/lukasz\/germany\/wp-content\/uploads\/2015\/12\/p1010407-300x225.jpg 300w, https:\/\/sikoraproject.eu\/lukasz\/germany\/wp-content\/uploads\/2015\/12\/p1010407-768x576.jpg 768w, https:\/\/sikoraproject.eu\/lukasz\/germany\/wp-content\/uploads\/2015\/12\/p1010407-1024x768.jpg 1024w, https:\/\/sikoraproject.eu\/lukasz\/germany\/wp-content\/uploads\/2015\/12\/p1010407-1200x900.jpg 1200w\" sizes=\"(max-width: 300px) 85vw, 300px\" \/><\/a><figcaption id=\"caption-attachment-111\" class=\"wp-caption-text\">Kiesabbau bei Loitsche<\/figcaption><\/figure>\n<p>Die Fahrt bis dahin war langweilig, kaum D\u00f6rfer, nur Felder, bisschen rauf, bisschen runter. Die Zeit ging \u00fcberraschend schnell um. Endlich in Rog\u00e4tz! Ich bin zu vor noch nie mit einer F\u00e4hre gefahren.<\/p>\n<figure id=\"attachment_114\" aria-describedby=\"caption-attachment-114\" style=\"width: 300px\" class=\"wp-caption aligncenter\"><a href=\"http:\/\/sikoraproject.eu\/lukasz\/germany\/wp-content\/uploads\/2015\/12\/p1010411.jpg\" target=\"_blank\"><img loading=\"lazy\" decoding=\"async\" class=\"wp-image-114 size-medium\" src=\"http:\/\/sikoraproject.eu\/lukasz\/germany\/wp-content\/uploads\/2015\/12\/p1010411-300x225.jpg\" alt=\"Wartend auf die F\u00e4hre \" width=\"300\" height=\"225\" srcset=\"https:\/\/sikoraproject.eu\/lukasz\/germany\/wp-content\/uploads\/2015\/12\/p1010411-300x225.jpg 300w, https:\/\/sikoraproject.eu\/lukasz\/germany\/wp-content\/uploads\/2015\/12\/p1010411-768x576.jpg 768w, https:\/\/sikoraproject.eu\/lukasz\/germany\/wp-content\/uploads\/2015\/12\/p1010411-1024x768.jpg 1024w, https:\/\/sikoraproject.eu\/lukasz\/germany\/wp-content\/uploads\/2015\/12\/p1010411-1200x900.jpg 1200w\" sizes=\"(max-width: 300px) 85vw, 300px\" \/><\/a><figcaption id=\"caption-attachment-114\" class=\"wp-caption-text\">Wartend auf die F\u00e4hre<\/figcaption><\/figure>\n<p>Ich war total aufgeregt, als ich dann die F\u00e4hre vom Weiten sah, ich freute mich wie ein kleines Kind. Ich wei\u00df nur nicht warum, da ist doch nichts dran.<\/p>\n<figure id=\"attachment_115\" aria-describedby=\"caption-attachment-115\" style=\"width: 300px\" class=\"wp-caption aligncenter\"><a href=\"http:\/\/sikoraproject.eu\/lukasz\/germany\/wp-content\/uploads\/2015\/12\/p1010413.jpg\" target=\"_blank\"><img loading=\"lazy\" decoding=\"async\" class=\"wp-image-115 size-medium\" src=\"http:\/\/sikoraproject.eu\/lukasz\/germany\/wp-content\/uploads\/2015\/12\/p1010413-300x225.jpg\" alt=\"Da ist sie, die F\u00e4hre!\" width=\"300\" height=\"225\" srcset=\"https:\/\/sikoraproject.eu\/lukasz\/germany\/wp-content\/uploads\/2015\/12\/p1010413-300x225.jpg 300w, https:\/\/sikoraproject.eu\/lukasz\/germany\/wp-content\/uploads\/2015\/12\/p1010413-768x576.jpg 768w, https:\/\/sikoraproject.eu\/lukasz\/germany\/wp-content\/uploads\/2015\/12\/p1010413-1024x768.jpg 1024w, https:\/\/sikoraproject.eu\/lukasz\/germany\/wp-content\/uploads\/2015\/12\/p1010413-1200x900.jpg 1200w\" sizes=\"(max-width: 300px) 85vw, 300px\" \/><\/a><figcaption id=\"caption-attachment-115\" class=\"wp-caption-text\">Da ist sie, die F\u00e4hre!<\/figcaption><\/figure>\n<figure id=\"attachment_116\" aria-describedby=\"caption-attachment-116\" style=\"width: 300px\" class=\"wp-caption aligncenter\"><a href=\"http:\/\/sikoraproject.eu\/lukasz\/germany\/wp-content\/uploads\/2015\/12\/p1010416.jpg\" target=\"_blank\"><img loading=\"lazy\" decoding=\"async\" class=\"wp-image-116 size-medium\" src=\"http:\/\/sikoraproject.eu\/lukasz\/germany\/wp-content\/uploads\/2015\/12\/p1010416-300x225.jpg\" alt=\"Ja, komm zu Papa!\" width=\"300\" height=\"225\" srcset=\"https:\/\/sikoraproject.eu\/lukasz\/germany\/wp-content\/uploads\/2015\/12\/p1010416-300x225.jpg 300w, https:\/\/sikoraproject.eu\/lukasz\/germany\/wp-content\/uploads\/2015\/12\/p1010416-768x576.jpg 768w, https:\/\/sikoraproject.eu\/lukasz\/germany\/wp-content\/uploads\/2015\/12\/p1010416-1024x768.jpg 1024w, https:\/\/sikoraproject.eu\/lukasz\/germany\/wp-content\/uploads\/2015\/12\/p1010416-1200x900.jpg 1200w\" sizes=\"(max-width: 300px) 85vw, 300px\" \/><\/a><figcaption id=\"caption-attachment-116\" class=\"wp-caption-text\">Ja, komm zu Papa!<\/figcaption><\/figure>\n<p>Als ich drauf fuhr, kam ich mir bisschen wie einer meiner Lieblingsdokumentarfilmer Andreas Kieling vor \ud83d\ude00 der durch Deutschland an der ehem. Grenze durchwanderte. Da stand ich mit meinem Stohhut und meinem Fahrrad auf der F\u00e4hre. Bezahlte 1,50 EUR und wurde innerhalb von wenigen Minuten r\u00fcber gefahren.<\/p>\n<figure id=\"attachment_117\" aria-describedby=\"caption-attachment-117\" style=\"width: 300px\" class=\"wp-caption aligncenter\"><a href=\"http:\/\/sikoraproject.eu\/lukasz\/germany\/wp-content\/uploads\/2015\/12\/p1010417.jpg\" target=\"_blank\"><img loading=\"lazy\" decoding=\"async\" class=\"wp-image-117 size-medium\" src=\"http:\/\/sikoraproject.eu\/lukasz\/germany\/wp-content\/uploads\/2015\/12\/p1010417-300x225.jpg\" alt=\"auf der F\u00e4hre\" width=\"300\" height=\"225\" srcset=\"https:\/\/sikoraproject.eu\/lukasz\/germany\/wp-content\/uploads\/2015\/12\/p1010417-300x225.jpg 300w, https:\/\/sikoraproject.eu\/lukasz\/germany\/wp-content\/uploads\/2015\/12\/p1010417-768x576.jpg 768w, https:\/\/sikoraproject.eu\/lukasz\/germany\/wp-content\/uploads\/2015\/12\/p1010417-1024x768.jpg 1024w, https:\/\/sikoraproject.eu\/lukasz\/germany\/wp-content\/uploads\/2015\/12\/p1010417-1200x900.jpg 1200w\" sizes=\"(max-width: 300px) 85vw, 300px\" \/><\/a><figcaption id=\"caption-attachment-117\" class=\"wp-caption-text\">auf der F\u00e4hre<\/figcaption><\/figure>\n<figure id=\"attachment_118\" aria-describedby=\"caption-attachment-118\" style=\"width: 300px\" class=\"wp-caption aligncenter\"><a href=\"http:\/\/sikoraproject.eu\/lukasz\/germany\/wp-content\/uploads\/2015\/12\/p1010418.jpg\" target=\"_blank\"><img loading=\"lazy\" decoding=\"async\" class=\"wp-image-118 size-medium\" src=\"http:\/\/sikoraproject.eu\/lukasz\/germany\/wp-content\/uploads\/2015\/12\/p1010418-300x225.jpg\" alt=\"von der F\u00e4hre aus\" width=\"300\" height=\"225\" srcset=\"https:\/\/sikoraproject.eu\/lukasz\/germany\/wp-content\/uploads\/2015\/12\/p1010418-300x225.jpg 300w, https:\/\/sikoraproject.eu\/lukasz\/germany\/wp-content\/uploads\/2015\/12\/p1010418-768x576.jpg 768w, https:\/\/sikoraproject.eu\/lukasz\/germany\/wp-content\/uploads\/2015\/12\/p1010418-1024x768.jpg 1024w, https:\/\/sikoraproject.eu\/lukasz\/germany\/wp-content\/uploads\/2015\/12\/p1010418-1200x900.jpg 1200w\" sizes=\"(max-width: 300px) 85vw, 300px\" \/><\/a><figcaption id=\"caption-attachment-118\" class=\"wp-caption-text\">von der F\u00e4hre aus<\/figcaption><\/figure>\n<p>Irgendwie fand ich es schade, dass es so schnell zu Ende ging, wie gesagt, wie ein kleines Kind freute ich mich. Mein Grinsen war wieder da.<\/p>\n<p>Dr\u00fcben angekommen ging es weiter, nat\u00fcrlich ohne Radweg. Nach einer l\u00e4ngeren Fahrt und ein paar D\u00f6rfern kam ich irgendwie\u00a0durchs Fragen und durch irgendwelche Radwege, an einen See. Aber Lust um zu pausieren hatte ich nicht, ich wollte nur noch weiter und weiter.<br \/>\nIch fragte einen Herren wie es weiter zum Kanal geht und ob ich \u00fcber den ohne Probleme nach Burg komme. Er bejahte meine Frage.<br \/>\nEs ist der selbe Kanal, auf dem ich zuvor bei Magdeburg gefahren bin, diesmal soll der befahrbar sein. Ich fuhr dann weiter mit einem Herren am Kanal entlang Richtung Burg. Er wohnt n\u00e4mlich dort und musste auch dort entland.<br \/>\nEr erz\u00e4hlte mir was \u00fcber die Stadt (die existiert schon seit \u00fcber 1000 Jahren), wir fuhren noch weiter, er zeigte mir die Innenstadt ein wenig, sehr netter Mann. Ich konnte sehen, dass er das wirklich sehr gerne gemacht hat, wahrscheinlich weil ich so interessiert war.<br \/>\nDie Stadt einmal ansehen finde ich es interessant, aber l\u00e4nger dort bleiben w\u00fcrde ich nicht.<\/p>\n<p><a href=\"http:\/\/sikoraproject.eu\/lukasz\/germany\/wp-content\/uploads\/2015\/12\/p1010419.jpg\" target=\"_blank\"><img loading=\"lazy\" decoding=\"async\" class=\"aligncenter wp-image-119 size-medium\" src=\"http:\/\/sikoraproject.eu\/lukasz\/germany\/wp-content\/uploads\/2015\/12\/p1010419-225x300.jpg\" alt=\"p1010419\" width=\"225\" height=\"300\" srcset=\"https:\/\/sikoraproject.eu\/lukasz\/germany\/wp-content\/uploads\/2015\/12\/p1010419-225x300.jpg 225w, https:\/\/sikoraproject.eu\/lukasz\/germany\/wp-content\/uploads\/2015\/12\/p1010419-768x1024.jpg 768w, https:\/\/sikoraproject.eu\/lukasz\/germany\/wp-content\/uploads\/2015\/12\/p1010419-1200x1600.jpg 1200w\" sizes=\"(max-width: 225px) 85vw, 225px\" \/><\/a><a href=\"http:\/\/sikoraproject.eu\/lukasz\/germany\/wp-content\/uploads\/2015\/12\/p1010420.jpg\" target=\"_blank\"><img loading=\"lazy\" decoding=\"async\" class=\"aligncenter wp-image-120 size-medium\" src=\"http:\/\/sikoraproject.eu\/lukasz\/germany\/wp-content\/uploads\/2015\/12\/p1010420-300x225.jpg\" alt=\"p1010420\" width=\"300\" height=\"225\" srcset=\"https:\/\/sikoraproject.eu\/lukasz\/germany\/wp-content\/uploads\/2015\/12\/p1010420-300x225.jpg 300w, https:\/\/sikoraproject.eu\/lukasz\/germany\/wp-content\/uploads\/2015\/12\/p1010420-768x576.jpg 768w, https:\/\/sikoraproject.eu\/lukasz\/germany\/wp-content\/uploads\/2015\/12\/p1010420-1024x768.jpg 1024w, https:\/\/sikoraproject.eu\/lukasz\/germany\/wp-content\/uploads\/2015\/12\/p1010420-1200x900.jpg 1200w\" sizes=\"(max-width: 300px) 85vw, 300px\" \/><\/a><a href=\"http:\/\/sikoraproject.eu\/lukasz\/germany\/wp-content\/uploads\/2015\/12\/p1010421.jpg\" target=\"_blank\"><img loading=\"lazy\" decoding=\"async\" class=\"aligncenter wp-image-121 size-medium\" src=\"http:\/\/sikoraproject.eu\/lukasz\/germany\/wp-content\/uploads\/2015\/12\/p1010421-300x225.jpg\" alt=\"p1010421\" width=\"300\" height=\"225\" srcset=\"https:\/\/sikoraproject.eu\/lukasz\/germany\/wp-content\/uploads\/2015\/12\/p1010421-300x225.jpg 300w, https:\/\/sikoraproject.eu\/lukasz\/germany\/wp-content\/uploads\/2015\/12\/p1010421-768x576.jpg 768w, https:\/\/sikoraproject.eu\/lukasz\/germany\/wp-content\/uploads\/2015\/12\/p1010421-1024x768.jpg 1024w, https:\/\/sikoraproject.eu\/lukasz\/germany\/wp-content\/uploads\/2015\/12\/p1010421-1200x900.jpg 1200w\" sizes=\"(max-width: 300px) 85vw, 300px\" \/><\/a><\/p>\n<p>Raus aus Burg, erstmal was essen und weiter Richtung Genthin! Nat\u00fcrlich keine Fahrradwege und kaum Seitenstreifen. Ich k\u00e4mpfte mich also durch, fuhr so schnell wie m\u00f6glich mit einem Bein weiter (wie das mein rechtes Bein ausgehalten hat, ich wei\u00df es nicht).<br \/>\nEs ist die B1, im Atlas steht was von &#8222;Stra\u00dfe der Romantik&#8220;. Bis Reesen habe ich nichts von Romantik gesehen, da ist wohl eine kauende Kuh beim Sonnenuntergang romantischer. Felder, Autos und ich. Aber inzwischen wei\u00df ich, was an dieser Stra\u00dfe so interessant ist, es gibt viele sch\u00f6ne Sehensw\u00fcrdigkeiten in der N\u00e4he der Stra\u00dfe. Beochbachtend wie die Seitenlienie mal schmutzig, mal sauber wurde kamen mir Gedanken wie &#8222;Warum haben wir Menschen Haare an den Beinen? Damit wir jede gelandete Bremse! merken.&#8220;.<br \/>\nWasser war f\u00fcr mich sehr wichtig im Moment, genau wie die Musik und die Karte. Alles andere war mir egal. Die Strecke zwischen Hohenseeden und Genthin zog sich unheimlich. Ich habe selten so gerade Strecken gesehen, das machte mich immer mehr fertig, da ich Probleme hatte mir kleine Ziele zu setzten, ich k\u00e4mpfe immer mehr. Aber eins muss ich zugeben, es gibt hier viel Wald, Wald links, Wald rechts, die Landstra\u00dfe. Trotzdem sehe ich keine Romantik mit den LKWs.<br \/>\nIn Brandenbrug angekommen, habe ich mich mal wieder verfahren. Ich hasse St\u00e4dte, ich verfahre mich in jeder Stadt, auch wenn die eine Stra\u00dfe haben sollte, ich w\u00fcrde sicherlich falsch abbiegen. Also immer St\u00e4dte vermeiden! Zudem ist das Unfallrisiko gr\u00f6\u00dfer (Erfahrung).<\/p>\n<p>Allm\u00e4hlich war ich wieder total fertig und wollte nur noch Ruhe habe, St\u00e4dte sind zu stressig. Ich fuhr n\u00e4mlich sch\u00f6n durch die Innenstadt hin und her und wurde auch falsch geleitet, von mehreren Personen. Aber nur weil ich wie ein Stra\u00dfenmensch aussah oder weil die Leute es nicht gewusst haben? Wie dem auch sei. Raus aus der Stadt Richtung Klein Kreuz. Ich wollte einen kleinen Campingplatz suchen oder ab in den Wald. Ich h\u00e4tte an der Stra\u00dfe der Romantik schlafen k\u00f6nnen, da war viel Wald.<br \/>\nIn Klein Kreuz fand ich tats\u00e4chlich einen Campingplatz. Hier gibt es keinen Imbiss, egal, Zelt aufbauen, ausruhen, duschen. Die nette Frau vom Campingplatz hat mir was zu Essen gemacht (3 EUR), Schnitte Brot, Radieschen, Tomaten, W\u00fcrstchen, etc., fand ich Klasse!!! Gegen 21:30 Uhr mein Fahrrad pr\u00fcfen und schlafen gehen. Aber bevor ich Schlafen gehen sollte, naja, als Mann geht man ungerne alleine ins Bett, ich hatte also Besuch, siehe Foto<\/p>\n<figure id=\"attachment_122\" aria-describedby=\"caption-attachment-122\" style=\"width: 300px\" class=\"wp-caption aligncenter\"><a href=\"http:\/\/sikoraproject.eu\/lukasz\/germany\/wp-content\/uploads\/2015\/12\/p1010429.jpg\" target=\"_blank\"><img loading=\"lazy\" decoding=\"async\" class=\"wp-image-122 size-medium\" src=\"http:\/\/sikoraproject.eu\/lukasz\/germany\/wp-content\/uploads\/2015\/12\/p1010429-300x225.jpg\" alt=\"ganz viele von denen\" width=\"300\" height=\"225\" srcset=\"https:\/\/sikoraproject.eu\/lukasz\/germany\/wp-content\/uploads\/2015\/12\/p1010429-300x225.jpg 300w, https:\/\/sikoraproject.eu\/lukasz\/germany\/wp-content\/uploads\/2015\/12\/p1010429-768x576.jpg 768w, https:\/\/sikoraproject.eu\/lukasz\/germany\/wp-content\/uploads\/2015\/12\/p1010429-1024x768.jpg 1024w, https:\/\/sikoraproject.eu\/lukasz\/germany\/wp-content\/uploads\/2015\/12\/p1010429-1200x900.jpg 1200w\" sizes=\"(max-width: 300px) 85vw, 300px\" \/><\/a><figcaption id=\"caption-attachment-122\" class=\"wp-caption-text\">ganz viele von denen<\/figcaption><\/figure>\n<p>Keine Ahnung wer die waren, aber nein, es waren keine Zecken, die waren viel zu klein. Ich habe ca. 30 St\u00fcck davon rausgeschmissen. Danach schlief ich wie ein Baby.<\/p>\n<p>Die Fahrt war wieder hart, vorallem vor Genthin diese laaaaange Strecke, dann noch Brandenburg, oh man. Ich merke, dass ich die 100 km am Tag nicht schaffen kann, mit einem Bein ist es auch schwierig. Ich lag jetzt weit hinter meiner Route zur\u00fcck. Berlin habe ich nicht geschafft, aber morgen, weit ist es nicht mehr. Wasser, Musik, Karte und Essen waren mir heute sehr wichtig. Musik, wie immer wegen der Psychie, der Rest ist logisch denke ich. Aber ich habe es fast geschafft. Man muss ich auch mal \u00fcber das Erreichte freuen k\u00f6nnen.<\/p>\n<p>-&gt; Weiter zu:\u00a0<a title=\"Tag 6, Berlin, Berlin, ich fahre nach\u00a0Berlin\" href=\"http:\/\/sikoraproject.eu\/lukasz\/germany\/index.php\/erlebnisse\/tag-6-berlin-berlin-ich-fahre-nach-berlin\/\">Tag 6, Berlin, Berlin, ich fahre nach Berlin<\/a><\/p>\n","protected":false},"excerpt":{"rendered":"<p>Meine eigentliche Route sollte sein, von Genthin bis Berlin, leider bin ich erst bei Magedeburg, ich versuche trotzdem heute nach Berlin zu kommen. Sonnenaufgang, packen, Fahrrad pr\u00fcfen und weiter geht es! Raus aus dem Campingplatz zu einer Tankstelle, fr\u00fchst\u00fccken, endlich Geld abheben und Richtung Glindenberg, dann Heinrichsberg. Dort angekommen, fragte ich noch mal nach (ja, &hellip; <a href=\"https:\/\/sikoraproject.eu\/lukasz\/germany\/index.php\/erlebnisse\/tag-5-fast-bei-berlin\/\" class=\"more-link\"><span class=\"screen-reader-text\">\u201eTag 5, fast bei Berlin\u201c<\/span> weiterlesen<\/a><\/p>\n","protected":false},"author":1,"featured_media":0,"parent":6,"menu_order":0,"comment_status":"closed","ping_status":"closed","template":"","meta":{"ngg_post_thumbnail":0,"footnotes":""},"class_list":["post-16","page","type-page","status-publish","hentry"],"_links":{"self":[{"href":"https:\/\/sikoraproject.eu\/lukasz\/germany\/index.php\/wp-json\/wp\/v2\/pages\/16"}],"collection":[{"href":"https:\/\/sikoraproject.eu\/lukasz\/germany\/index.php\/wp-json\/wp\/v2\/pages"}],"about":[{"href":"https:\/\/sikoraproject.eu\/lukasz\/germany\/index.php\/wp-json\/wp\/v2\/types\/page"}],"author":[{"embeddable":true,"href":"https:\/\/sikoraproject.eu\/lukasz\/germany\/index.php\/wp-json\/wp\/v2\/users\/1"}],"replies":[{"embeddable":true,"href":"https:\/\/sikoraproject.eu\/lukasz\/germany\/index.php\/wp-json\/wp\/v2\/comments?post=16"}],"version-history":[{"count":4,"href":"https:\/\/sikoraproject.eu\/lukasz\/germany\/index.php\/wp-json\/wp\/v2\/pages\/16\/revisions"}],"predecessor-version":[{"id":123,"href":"https:\/\/sikoraproject.eu\/lukasz\/germany\/index.php\/wp-json\/wp\/v2\/pages\/16\/revisions\/123"}],"up":[{"embeddable":true,"href":"https:\/\/sikoraproject.eu\/lukasz\/germany\/index.php\/wp-json\/wp\/v2\/pages\/6"}],"wp:attachment":[{"href":"https:\/\/sikoraproject.eu\/lukasz\/germany\/index.php\/wp-json\/wp\/v2\/media?parent=16"}],"curies":[{"name":"wp","href":"https:\/\/api.w.org\/{rel}","templated":true}]}}