{"id":14,"date":"2015-12-13T12:52:13","date_gmt":"2015-12-13T11:52:13","guid":{"rendered":"http:\/\/sikoraproject.eu\/lukasz\/germany\/?page_id=14"},"modified":"2015-12-23T08:13:17","modified_gmt":"2015-12-23T07:13:17","slug":"tag-4-im-niemandsland","status":"publish","type":"page","link":"https:\/\/sikoraproject.eu\/lukasz\/germany\/index.php\/erlebnisse\/tag-4-im-niemandsland\/","title":{"rendered":"Tag 4, im Niemandsland"},"content":{"rendered":"<p><strong>Mein heutiges Ziel sollte Genthin sein, das liegt zwischen Burg bei Magdeburg und Bandenburg.<\/strong><\/p>\n<p>So gut wie diese Nacht habe ich lange nicht mehr geschlafen. So still und so sch\u00f6ne Luft, ich wei\u00df nicht wie viele Stunden ich geschlafen habe, es waren aber sicherlich 9 &#8211; 10. Gepackt ging es weiter Richtung B\u00e4cker der gleich vor Ort offen war. Gegessen und Kakao getrunken ging es mit einem Bein weiter. Mein Knie tat morgens kaum weh, allerdings wollte ich es nicht zu stark belasten. Nat\u00fcrlich hoffte ich auch, dass mein rechtes Knie die ganze Belastung mit macht, bisher aber schon, braves Knie \ud83d\ude42<\/p>\n<p>Nach K\u00f6nigslutter, ging es weiter Richtung Helmstedt. Der Name kommt mir irgendwie bekannt vor. War da nicht was mit der Grenze? Aber bevor ein Grenzposten zu sehen war, gab es auch paar andere Sehensw\u00fcrdigkeiten.<\/p>\n<p><a href=\"http:\/\/sikoraproject.eu\/lukasz\/germany\/wp-content\/uploads\/2015\/12\/p1010391.jpg\" target=\"_blank\"><img loading=\"lazy\" decoding=\"async\" class=\"aligncenter wp-image-103 size-medium\" src=\"http:\/\/sikoraproject.eu\/lukasz\/germany\/wp-content\/uploads\/2015\/12\/p1010391-225x300.jpg\" alt=\"p1010391\" width=\"225\" height=\"300\" srcset=\"https:\/\/sikoraproject.eu\/lukasz\/germany\/wp-content\/uploads\/2015\/12\/p1010391-225x300.jpg 225w, https:\/\/sikoraproject.eu\/lukasz\/germany\/wp-content\/uploads\/2015\/12\/p1010391-768x1024.jpg 768w, https:\/\/sikoraproject.eu\/lukasz\/germany\/wp-content\/uploads\/2015\/12\/p1010391-1200x1600.jpg 1200w\" sizes=\"(max-width: 225px) 85vw, 225px\" \/><\/a><a href=\"http:\/\/sikoraproject.eu\/lukasz\/germany\/wp-content\/uploads\/2015\/12\/p1010392.jpg\" target=\"_blank\"><img loading=\"lazy\" decoding=\"async\" class=\"aligncenter wp-image-104 size-medium\" src=\"http:\/\/sikoraproject.eu\/lukasz\/germany\/wp-content\/uploads\/2015\/12\/p1010392-300x225.jpg\" alt=\"p1010392\" width=\"300\" height=\"225\" srcset=\"https:\/\/sikoraproject.eu\/lukasz\/germany\/wp-content\/uploads\/2015\/12\/p1010392-300x225.jpg 300w, https:\/\/sikoraproject.eu\/lukasz\/germany\/wp-content\/uploads\/2015\/12\/p1010392-768x576.jpg 768w, https:\/\/sikoraproject.eu\/lukasz\/germany\/wp-content\/uploads\/2015\/12\/p1010392-1024x768.jpg 1024w, https:\/\/sikoraproject.eu\/lukasz\/germany\/wp-content\/uploads\/2015\/12\/p1010392-1200x900.jpg 1200w\" sizes=\"(max-width: 300px) 85vw, 300px\" \/><\/a><a href=\"http:\/\/sikoraproject.eu\/lukasz\/germany\/wp-content\/uploads\/2015\/12\/p1010395.jpg\" target=\"_blank\"><img loading=\"lazy\" decoding=\"async\" class=\"aligncenter wp-image-105 size-medium\" src=\"http:\/\/sikoraproject.eu\/lukasz\/germany\/wp-content\/uploads\/2015\/12\/p1010395-300x225.jpg\" alt=\"p1010395\" width=\"300\" height=\"225\" srcset=\"https:\/\/sikoraproject.eu\/lukasz\/germany\/wp-content\/uploads\/2015\/12\/p1010395-300x225.jpg 300w, https:\/\/sikoraproject.eu\/lukasz\/germany\/wp-content\/uploads\/2015\/12\/p1010395-768x576.jpg 768w, https:\/\/sikoraproject.eu\/lukasz\/germany\/wp-content\/uploads\/2015\/12\/p1010395-1024x768.jpg 1024w, https:\/\/sikoraproject.eu\/lukasz\/germany\/wp-content\/uploads\/2015\/12\/p1010395-1200x900.jpg 1200w\" sizes=\"(max-width: 300px) 85vw, 300px\" \/><\/a><\/p>\n<figure id=\"attachment_106\" aria-describedby=\"caption-attachment-106\" style=\"width: 300px\" class=\"wp-caption aligncenter\"><a href=\"http:\/\/sikoraproject.eu\/lukasz\/germany\/wp-content\/uploads\/2015\/12\/p1010396.jpg\" target=\"_blank\"><img loading=\"lazy\" decoding=\"async\" class=\"wp-image-106 size-medium\" src=\"http:\/\/sikoraproject.eu\/lukasz\/germany\/wp-content\/uploads\/2015\/12\/p1010396-300x225.jpg\" alt=\"neue Energie, immer wieder in Deutschland\" width=\"300\" height=\"225\" srcset=\"https:\/\/sikoraproject.eu\/lukasz\/germany\/wp-content\/uploads\/2015\/12\/p1010396-300x225.jpg 300w, https:\/\/sikoraproject.eu\/lukasz\/germany\/wp-content\/uploads\/2015\/12\/p1010396-768x576.jpg 768w, https:\/\/sikoraproject.eu\/lukasz\/germany\/wp-content\/uploads\/2015\/12\/p1010396-1024x768.jpg 1024w, https:\/\/sikoraproject.eu\/lukasz\/germany\/wp-content\/uploads\/2015\/12\/p1010396-1200x900.jpg 1200w\" sizes=\"(max-width: 300px) 85vw, 300px\" \/><\/a><figcaption id=\"caption-attachment-106\" class=\"wp-caption-text\">neue Energie, immer wieder in Deutschland<\/figcaption><\/figure>\n<p>Dann kam die Grenze, auf dem Bild ein ein Posten zu sehen, es steht dort einsam und allein an einer Landstra\u00dfe, nat\u00fcrlich ohne Fahrradweg!<\/p>\n<figure id=\"attachment_107\" aria-describedby=\"caption-attachment-107\" style=\"width: 300px\" class=\"wp-caption aligncenter\"><a href=\"http:\/\/sikoraproject.eu\/lukasz\/germany\/wp-content\/uploads\/2015\/12\/p1010397-e1376247249424.jpg\" target=\"_blank\"><img loading=\"lazy\" decoding=\"async\" class=\"wp-image-107 size-medium\" src=\"http:\/\/sikoraproject.eu\/lukasz\/germany\/wp-content\/uploads\/2015\/12\/p1010397-e1376247249424-300x225.jpg\" alt=\"Grenzposten\" width=\"300\" height=\"225\" srcset=\"https:\/\/sikoraproject.eu\/lukasz\/germany\/wp-content\/uploads\/2015\/12\/p1010397-e1376247249424-300x225.jpg 300w, https:\/\/sikoraproject.eu\/lukasz\/germany\/wp-content\/uploads\/2015\/12\/p1010397-e1376247249424-768x576.jpg 768w, https:\/\/sikoraproject.eu\/lukasz\/germany\/wp-content\/uploads\/2015\/12\/p1010397-e1376247249424-1024x768.jpg 1024w, https:\/\/sikoraproject.eu\/lukasz\/germany\/wp-content\/uploads\/2015\/12\/p1010397-e1376247249424-1200x900.jpg 1200w\" sizes=\"(max-width: 300px) 85vw, 300px\" \/><\/a><figcaption id=\"caption-attachment-107\" class=\"wp-caption-text\">Grenzposten<\/figcaption><\/figure>\n<p>Nach Helmstedt fuhr ich Richtung Magdeburg, ich wollte n\u00f6rdlich dr\u00fcber wegfahren, am Kanal dann Richtung Burg von Magdebrug dann Genthin.\u00a0Es ging es immer noch ein wenig Rauf und Runter, auf dem Foto sieht man den erhitzen Asphalt und wie hoch es manchmal ging.<\/p>\n<figure id=\"attachment_108\" aria-describedby=\"caption-attachment-108\" style=\"width: 300px\" class=\"wp-caption aligncenter\"><a href=\"http:\/\/sikoraproject.eu\/lukasz\/germany\/wp-content\/uploads\/2015\/12\/p1010398.jpg\" target=\"_blank\"><img loading=\"lazy\" decoding=\"async\" class=\"wp-image-108 size-medium\" src=\"http:\/\/sikoraproject.eu\/lukasz\/germany\/wp-content\/uploads\/2015\/12\/p1010398-300x225.jpg\" alt=\"Es ging immer noch hoch und runter \" width=\"300\" height=\"225\" srcset=\"https:\/\/sikoraproject.eu\/lukasz\/germany\/wp-content\/uploads\/2015\/12\/p1010398-300x225.jpg 300w, https:\/\/sikoraproject.eu\/lukasz\/germany\/wp-content\/uploads\/2015\/12\/p1010398-768x576.jpg 768w, https:\/\/sikoraproject.eu\/lukasz\/germany\/wp-content\/uploads\/2015\/12\/p1010398-1024x768.jpg 1024w, https:\/\/sikoraproject.eu\/lukasz\/germany\/wp-content\/uploads\/2015\/12\/p1010398-1200x900.jpg 1200w\" sizes=\"(max-width: 300px) 85vw, 300px\" \/><\/a><figcaption id=\"caption-attachment-108\" class=\"wp-caption-text\">Es ging immer noch hoch und runter<\/figcaption><\/figure>\n<p>Ich fuhr von einem Dorf zum n\u00e4chsten, diese ganzen D\u00f6rfer in der ehem. DDR sind wirklich wie ausgestorben. Ich fuhr von Dorf zu Dorf, also vom Kleinziel zum Kleinziel. Es war manchmal schwierig Menschen zu finden, viele leere Geb\u00e4ude und leere Fabriken.<\/p>\n<figure id=\"attachment_109\" aria-describedby=\"caption-attachment-109\" style=\"width: 300px\" class=\"wp-caption aligncenter\"><a href=\"http:\/\/sikoraproject.eu\/lukasz\/germany\/wp-content\/uploads\/2015\/12\/p1010399.jpg\" target=\"_blank\"><img loading=\"lazy\" decoding=\"async\" class=\"wp-image-109 size-medium\" src=\"http:\/\/sikoraproject.eu\/lukasz\/germany\/wp-content\/uploads\/2015\/12\/p1010399-300x169.jpg\" alt=\"Irgendwo im Niemandsland\" width=\"300\" height=\"169\" srcset=\"https:\/\/sikoraproject.eu\/lukasz\/germany\/wp-content\/uploads\/2015\/12\/p1010399-300x169.jpg 300w, https:\/\/sikoraproject.eu\/lukasz\/germany\/wp-content\/uploads\/2015\/12\/p1010399-768x432.jpg 768w, https:\/\/sikoraproject.eu\/lukasz\/germany\/wp-content\/uploads\/2015\/12\/p1010399-1024x576.jpg 1024w, https:\/\/sikoraproject.eu\/lukasz\/germany\/wp-content\/uploads\/2015\/12\/p1010399-1200x675.jpg 1200w, https:\/\/sikoraproject.eu\/lukasz\/germany\/wp-content\/uploads\/2015\/12\/p1010399.jpg 1280w\" sizes=\"(max-width: 300px) 85vw, 300px\" \/><\/a><figcaption id=\"caption-attachment-109\" class=\"wp-caption-text\">Irgendwo im Niemandsland<\/figcaption><\/figure>\n<p>Viele St\u00e4dte hei\u00dfen hier was mit Leben (Eimersleben, Erxleben, Alvensleben, Nordgermaersleben, Rossmersleben, Schackensleben, etc.). Der Name wurde wahrscheinlich aus dem schwedischen bzw. d\u00e4nischen Namen lev oder l\u00f6v \u00fcbernommen, was &#8222;\u00fcberlassenes&#8220; oder so was in die Richtung wie &#8222;Erbe&#8220; bedeutet. Wahrscheinlich wurde sp\u00e4ter durch die V\u00f6lkerwanderung im Mittelalter das in &#8222;Leben&#8220; einfach \u00fcbersetzt. Gekl\u00e4rt ist das aber nicht, kann sein, dass sich das auch parallel dazu entwickelt hat.<br \/>\nWie dem auch sei, ich fuhr von Dorf zu Dorf und bekam auch noch Hunger und es war nichts hier. Ich fragte dann eine Frau nach einem Lokal, 2 Kilometer weiter soll eines sein, also schnell hin! Leider wegen Urlaub geschlossen, also wieder zur\u00fcck in das n\u00e4chste Dorf. Das Dorf war wie ausgestorben, also weiter, wenige Kilometer in das n\u00e4chste Dorf. Ich war ganz nah der A2, irgendeine Ausfahrt ist hier. Ich erfuhr, dass es in diesem Dorf eine Pommesbude gab, Rettung! Schnell hin, mein Magen knurrte und ich hatte schon wenig Kraft, ich musste was essen! Ich kam an und sah ein Schild &#8222;Wegen Urlaub bis xxx geschlossen&#8220;, na toll! Ein Mann sagte mir dann, es gibt noch einen kleinen Laden im Dorf, schnell hin und sehe da, er ist offen!!! Kakao, Br\u00f6tchen und Salami geholt.<br \/>\nAm Laden a\u00df ich noch und unterhielt mich mit einem LKW-Fahrer der dort ebenfalls kurz Pause machte. Er erz\u00e4hlte mir, er f\u00e4hrt LKWs mit einem Gro\u00dftransport. Daf\u00fcr erh\u00e4lt er eine Genehmigung, damit er ab 21 Uhr fahren darf. Aber da seine Ladung fr\u00fcher da sein muss, erhielt er eine Genehmigung f\u00fcr die Genehmigung damit er ab 19 Uhr fahren darf, wie kompliziert. Anstatt es in der ersten Genehmigung das zu schreiben, braucht man ein Papier um das andere Papier zu umgehen. Wir lachten ein wenig dar\u00fcber. Er erz\u00e4hlte mir auch, dass die Kontrollen in den letzten Jahren sehr viel \u00f6fter vorgenommen werden, was den Zeitplan den Fahrern nat\u00fcrlich durcheinander bringt.<br \/>\nWir verabschiedeten uns und ich fuhr n\u00f6rdlich von Magedeburg weiter, ich wollte zu einem Kanal, der mich dann gem\u00fctlich Richtung Burg f\u00fchren sollte.<br \/>\nDa fing der Spa\u00df aber an: Ich kam zum Kanal und fuhr auf den Radweg, der mit tiefen Kies versehen war. Meine R\u00e4der versanken sch\u00f6n da drin. Jetzt fuhr ich mit einem \u00fcberladenen Rad deren R\u00e4der sich immer wieder im Kies versanken, dazu wehte ein sch\u00f6n kr\u00e4ftiger Gegenwind. Es war so, als h\u00e4ngt sich jemand an das Rad dran und versucht mich zu aufzuhalten.<br \/>\nNach qu\u00e4lenden 2 Kilometern stand ich unter einer Br\u00fccke vor einem Bagger und einem Zaun mit einem Schild, dass es dort nicht weiter geht. Also wollte ich r\u00fcber auf die andere Kanalseite. Rauf auf die Br\u00fccke und r\u00fcber. Nat\u00fcrlich, es gab noch keinen Weg f\u00fcr Fahrr\u00e4der runter auf die andere Seite. Zu Fu\u00df k\u00f6nnte ich dort runter klettern, aber mit dem Gep\u00e4ck, keine Chance. Ich fuhr die Br\u00fccke runter um Wasser zu lassen (nein, keine Bremsen!, schon lange keine mehr gesehen). Ich wusste jetzt nicht wie ich weiter fahren sollte, blo\u00df nicht nach Magedeburg rein! Dann kam mir ein \u00e4lteres P\u00e4rchen entgegen, ich fragte sie, wie ich nach Burg komme. Nach einer l\u00e4ngeren Unterhaltung kam der Mann mit mir ein St\u00fcck mit um mir den Weg auf die andere Kanalseite zu zeigen, sehr nett von ihm \ud83d\ude42 Man musste ca. einen Kilometer die Strasse entlang fahren und dann rein in ein Feldweg und wieder zur\u00fcck. Woher soll man das wissen?<br \/>\nDiese Kanalseite war nicht so schlimm wie die andere, der Weg war hier h\u00e4rter. Ich hatte noch ca. 30 &#8211; 40 km bis Genthin, also humplete ich mutig weiter. Ich war relativ fertig und ahnte dass ich es nicht schaffen werde. Wenn ich schon solche Gedanken habe, dann werde ich es auf keinen Fall bis Genthin schaffen. Die D\u00f6rfer haben mich wohl zu fertig gemacht, au\u00dferdem hing ich eh ca. 30 &#8211; 50 km hinter meiner Route.<\/p>\n<p>Ich fuhr ca. 4 Kilometer und stand vor einer tiefen Grube mit vielen Baggern, Kiesabbau oder \u00e4hnliches! Ich fragte einen Arbeiter im Auto wie ich dort jetzt weiter komme. Er sagte mir, ich m\u00fcsse wieder r\u00fcber auf die andere Seite. Also qu\u00e4lte ich mich 2 Kilometer zur\u00fcck zu einer Br\u00fccke wo ich vom Kanals runter konnte.<br \/>\nLeider war dort kein Weg um auf die andere Seite wieder hoch zu kommen. Ich wollte eine junge Frau nach dem Weg fragen, aber sie hatte wohl Angst und fuhr mit ihrem Fahrrad schnell weiter. Ein unrasierter mit kaputtem Strohhut und einer Wasserflasche in der Hand, da h\u00e4tte ich sicherlich auch Angst \ud83d\ude00<br \/>\nNaja, ein Mann sagte mir den Weg, also hin und schob mein Fahrrad den Kanal wieder hoch. jetzt fuhr ich gl\u00fccklich weiter. L\u00e4chelte kurz den Abbau auf der anderen Seite an und fuhr weitere 2 &#8211; 3 Kilometer weiter und stand wieder vor einem Zaun! Jetzt habe ich aber so was von die Schnauze voll gehabt! Ich hatte absolut kein Bock mehr auf diese Wege hier, ich wollte nur hier raus und weiter fahren, egal wie! Ich fuhr ca. 2 Kilometer zur\u00fcck und fand eine Art Weg runter vom Kanal. Unten angekommen durch einem Zaun durchgequetscht sah ich Menschen, viele Meschen! Ich hielt ein Auto an fragte nach dem Weg. Er sagte mir, ich sollen die Strasse auf der ich drauf bin weiter fahren. Jemand anderes sagte mir auch, hier sei ein Campingplatz am See!!! Vielleicht genau das richtige f\u00fcr mich, ausruhen, zu Ruhe kommen, was essen und schwimmen gehen.<br \/>\nIch bezahlte 9 Euro f\u00fcr eine Nacht, ab 20 Uhr ist im See schwimmen kostenlos. F\u00fcr meine letzten 5 EUR die ich in der Brieftasche hatte, kaufte ich mir 2 Mahlzeiten. Mehr Geld konnte ich leider nicht mehr abheben, da der Automat zu weit sei und ich zu kaputt<br \/>\nIn das 2. Men\u00fc (gebratene Nudeln mit Gem\u00fcse) mischte ich meine Salami noch mit rein, die musste ja schlie\u00dflich weg. Ich baute mein Zelt auf, unterhielt mich mit paar Leuten, die mich beneidet haben \ud83d\ude42<br \/>\nIch zog einige Schrauben an, korrigierte meine Bremsen und schaute mich alles genau am Fahrrad an.<\/p>\n<p>Abends schwamm ich im See den Sonnenuntergang entgegen, ein sch\u00f6ner Moment f\u00fcr mich. Das gab mir wieder viel Kraft und ich konnte diese nervige Fahrt bisschen vergessen. Unglaublich, ich hatte jetzt sogar flie\u00dfendes warmes Wasser gehabt! Ich konnte warm duschen, wow. Meine G\u00fcte wo r\u00fcber man sich auch freuen kann.<br \/>\nNun musste ich noch meine Route \u00e4ndern, da ich nicht \u00fcber den Kanal fahren konnte. Ich \u00fcberlegte mir \u00fcber Heinrichsberg bis nach Niegripp zu fahren. Dazwischen ist die Elbe. Umweg, aber Augen zu und durch. Ich legte mich gegen 22 Uhr schlafen und schlief sofort ein.<\/p>\n<p>Musik, Wasser, Karten und Essen waren mir auf dieser Fahr am wichtigsten. Die ganze Fahrt war eine reine Kopfsache, es war zum Teil recht langweilig. Ich sah zwar einige vermutlich Falken, die \u00fcber ein Feld flogen um nach M\u00e4usen zu suchen, dieser sch\u00f6ner Augenblick gab mir zwar Kraft, aber trotzdem war diese Fahrt im Niemandsland hart. Motivation war aber immer noch bisschen vorhanden. &#8222;Bin ich schon so weit gekommen, die letzten 200 km schaffe ich auch noch!!!&#8220;, sagte ich mir immer wieder. Zudem habe ich versucht nie daran zu denken sondern mich abzulenken.<br \/>\nDaf\u00fcr konnte ich mich gut erholen. Mein Knie ist leider nicht besser, aber nicht schlechter geworden. Es tat immer noch weh. Unglaublich wie viel mein rechtes Bein aushielt. Mein Hintern tat weh, war aber nicht so schlimm, Gott sei Dank habe ich mir einen Ledersattel geholt. Leider waren alle 4 Fingerkuppen taub. R\u00fcckenprobleme hatte ich nicht.<\/p>\n<p>-&gt;\u00a0Weiter zu:\u00a0<a title=\"Tag 5, fast bei\u00a0Berlin\" href=\"http:\/\/sikoraproject.eu\/lukasz\/germany\/index.php\/erlebnisse\/tag-5-fast-bei-berlin\/\">Tag 5, fast bei Berlin<\/a><\/p>\n","protected":false},"excerpt":{"rendered":"<p>Mein heutiges Ziel sollte Genthin sein, das liegt zwischen Burg bei Magdeburg und Bandenburg. So gut wie diese Nacht habe ich lange nicht mehr geschlafen. So still und so sch\u00f6ne Luft, ich wei\u00df nicht wie viele Stunden ich geschlafen habe, es waren aber sicherlich 9 &#8211; 10. Gepackt ging es weiter Richtung B\u00e4cker der gleich &hellip; <a href=\"https:\/\/sikoraproject.eu\/lukasz\/germany\/index.php\/erlebnisse\/tag-4-im-niemandsland\/\" class=\"more-link\"><span class=\"screen-reader-text\">\u201eTag 4, im Niemandsland\u201c<\/span> weiterlesen<\/a><\/p>\n","protected":false},"author":1,"featured_media":0,"parent":6,"menu_order":0,"comment_status":"closed","ping_status":"closed","template":"","meta":{"ngg_post_thumbnail":0,"footnotes":""},"class_list":["post-14","page","type-page","status-publish","hentry"],"_links":{"self":[{"href":"https:\/\/sikoraproject.eu\/lukasz\/germany\/index.php\/wp-json\/wp\/v2\/pages\/14"}],"collection":[{"href":"https:\/\/sikoraproject.eu\/lukasz\/germany\/index.php\/wp-json\/wp\/v2\/pages"}],"about":[{"href":"https:\/\/sikoraproject.eu\/lukasz\/germany\/index.php\/wp-json\/wp\/v2\/types\/page"}],"author":[{"embeddable":true,"href":"https:\/\/sikoraproject.eu\/lukasz\/germany\/index.php\/wp-json\/wp\/v2\/users\/1"}],"replies":[{"embeddable":true,"href":"https:\/\/sikoraproject.eu\/lukasz\/germany\/index.php\/wp-json\/wp\/v2\/comments?post=14"}],"version-history":[{"count":4,"href":"https:\/\/sikoraproject.eu\/lukasz\/germany\/index.php\/wp-json\/wp\/v2\/pages\/14\/revisions"}],"predecessor-version":[{"id":110,"href":"https:\/\/sikoraproject.eu\/lukasz\/germany\/index.php\/wp-json\/wp\/v2\/pages\/14\/revisions\/110"}],"up":[{"embeddable":true,"href":"https:\/\/sikoraproject.eu\/lukasz\/germany\/index.php\/wp-json\/wp\/v2\/pages\/6"}],"wp:attachment":[{"href":"https:\/\/sikoraproject.eu\/lukasz\/germany\/index.php\/wp-json\/wp\/v2\/media?parent=14"}],"curies":[{"name":"wp","href":"https:\/\/api.w.org\/{rel}","templated":true}]}}