{"id":11,"date":"2015-06-27T11:45:04","date_gmt":"2015-06-27T09:45:04","guid":{"rendered":"http:\/\/sikoraproject.eu\/lukasz\/corfu\/?page_id=11"},"modified":"2015-08-03T10:43:47","modified_gmt":"2015-08-03T08:43:47","slug":"fazit","status":"publish","type":"page","link":"https:\/\/sikoraproject.eu\/lukasz\/corfu\/?page_id=11","title":{"rendered":"Fazit"},"content":{"rendered":"<p><strong>Positives:<\/strong><\/p>\n<ul>\n<li>Natur (Thymian, Minze, W\u00e4lder, Oliven, Blumen, Tiere, alles m\u00f6gliche)<\/li>\n<li>abwechslungsreicher Weg<\/li>\n<li>die Griechen, ihre Freundlichkeit und ihre Lockerheit<\/li>\n<li>Wetter, Sommer in Griechenland ist echt sch\u00f6n<\/li>\n<li>wundersch\u00f6ne Orte (D\u00f6rfer, sch\u00f6ne H\u00e4user, etc.)<\/li>\n<\/ul>\n<p><strong>Negatives:<\/strong><\/p>\n<ul>\n<li>die Touristenorte, ein Hotel neben den anderen, zum Gl\u00fcck aber selten<\/li>\n<li>M\u00fcllberge<\/li>\n<li>Preise<\/li>\n<li>M\u00fccken<\/li>\n<\/ul>\n<p>Ob die zum gr\u00f6\u00dften Teil schlechte Corfu-Trail-Markierungen positiv oder negativ waren, ist Ansichtssache. Es war dadurch bisschen spannender ob man \u00fcberhaupt richtig lief. Ich vermute die meisten sehen das anders \ud83d\ude42<\/p>\n<p>Es war meine erste Wanderung \u00fcberhaupt und ich muss sagen, <em>dass es sich auf jeden Fall gelohnt hat.<\/em><\/p>\n<p>Das Wetter (Juni) war f\u00fcr mich perfekt. Die Temperaturen lagen bei ca. 28 &#8211; 30 Grad.<br \/>\nEs war zum Teil auch recht naturnah, aber jetzt nicht entzivilisiert. Die Insel ist doch recht stark besiedelt, so dass nie in ernste Gefahr geraten kann.<br \/>\nDie Menschen waren wirklich sehr nett und hilfsbereit, haben stets ein L\u00e4cheln im Gesicht, trotz der Krise.<\/p>\n<p>Ich w\u00fcrde auf jeden Fall jedem diese Route empfehlen, auch mit einem Zelt. Man ist ja nicht gezwungen immer im Zelt zu schlafen.<\/p>\n","protected":false},"excerpt":{"rendered":"<p>Positives: Natur (Thymian, Minze, W\u00e4lder, Oliven, Blumen, Tiere, alles m\u00f6gliche) abwechslungsreicher Weg die Griechen, ihre Freundlichkeit&hellip;<\/p>\n","protected":false},"author":1,"featured_media":0,"parent":0,"menu_order":0,"comment_status":"closed","ping_status":"closed","template":"","meta":{"footnotes":""},"class_list":["post-11","page","type-page","status-publish","hentry"],"_links":{"self":[{"href":"https:\/\/sikoraproject.eu\/lukasz\/corfu\/index.php?rest_route=\/wp\/v2\/pages\/11"}],"collection":[{"href":"https:\/\/sikoraproject.eu\/lukasz\/corfu\/index.php?rest_route=\/wp\/v2\/pages"}],"about":[{"href":"https:\/\/sikoraproject.eu\/lukasz\/corfu\/index.php?rest_route=\/wp\/v2\/types\/page"}],"author":[{"embeddable":true,"href":"https:\/\/sikoraproject.eu\/lukasz\/corfu\/index.php?rest_route=\/wp\/v2\/users\/1"}],"replies":[{"embeddable":true,"href":"https:\/\/sikoraproject.eu\/lukasz\/corfu\/index.php?rest_route=%2Fwp%2Fv2%2Fcomments&post=11"}],"version-history":[{"count":7,"href":"https:\/\/sikoraproject.eu\/lukasz\/corfu\/index.php?rest_route=\/wp\/v2\/pages\/11\/revisions"}],"predecessor-version":[{"id":270,"href":"https:\/\/sikoraproject.eu\/lukasz\/corfu\/index.php?rest_route=\/wp\/v2\/pages\/11\/revisions\/270"}],"wp:attachment":[{"href":"https:\/\/sikoraproject.eu\/lukasz\/corfu\/index.php?rest_route=%2Fwp%2Fv2%2Fmedia&parent=11"}],"curies":[{"name":"wp","href":"https:\/\/api.w.org\/{rel}","templated":true}]}}